[INFO] cloning repository https://github.com/aeronautical-informatics/ske-bdd-taws-demonstrator
[INFO] running `Command { std: "git" "-c" "credential.helper=" "-c" "credential.helper=/workspace/cargo-home/bin/git-credential-null" "clone" "--bare" "https://github.com/aeronautical-informatics/ske-bdd-taws-demonstrator" "/workspace/cache/git-repos/https%3A%2F%2Fgithub.com%2Faeronautical-informatics%2Fske-bdd-taws-demonstrator", kill_on_drop: false }`
[INFO] [stderr] Cloning into bare repository '/workspace/cache/git-repos/https%3A%2F%2Fgithub.com%2Faeronautical-informatics%2Fske-bdd-taws-demonstrator'...
[INFO] running `Command { std: "git" "rev-parse" "HEAD", kill_on_drop: false }`
[INFO] [stdout] 6aa81f250b7593e58548a27c6bc0a2d0dced83b3
[INFO] checking aeronautical-informatics/ske-bdd-taws-demonstrator against master#e6e4f7ed1589e03bc2f6c5931c1a72e7947e8682 for beta-170-4
[INFO] running `Command { std: "git" "clone" "/workspace/cache/git-repos/https%3A%2F%2Fgithub.com%2Faeronautical-informatics%2Fske-bdd-taws-demonstrator" "/workspace/builds/worker-7-tc2/source", kill_on_drop: false }`
[INFO] [stderr] Cloning into '/workspace/builds/worker-7-tc2/source'...
[INFO] [stderr] done.
[INFO] validating manifest of git repo https://github.com/aeronautical-informatics/ske-bdd-taws-demonstrator on toolchain e6e4f7ed1589e03bc2f6c5931c1a72e7947e8682
[INFO] running `Command { std: CARGO_HOME="/workspace/cargo-home" RUSTUP_HOME="/workspace/rustup-home" "/workspace/cargo-home/bin/cargo" "+e6e4f7ed1589e03bc2f6c5931c1a72e7947e8682" "metadata" "--manifest-path" "Cargo.toml" "--no-deps", kill_on_drop: false }`
[INFO] started tweaking git repo https://github.com/aeronautical-informatics/ske-bdd-taws-demonstrator
[INFO] finished tweaking git repo https://github.com/aeronautical-informatics/ske-bdd-taws-demonstrator
[INFO] tweaked toml for git repo https://github.com/aeronautical-informatics/ske-bdd-taws-demonstrator written to /workspace/builds/worker-7-tc2/source/Cargo.toml
[INFO] crate git repo https://github.com/aeronautical-informatics/ske-bdd-taws-demonstrator already has a lockfile, it will not be regenerated
[INFO] running `Command { std: CARGO_HOME="/workspace/cargo-home" RUSTUP_HOME="/workspace/rustup-home" "/workspace/cargo-home/bin/cargo" "+e6e4f7ed1589e03bc2f6c5931c1a72e7947e8682" "fetch" "--manifest-path" "Cargo.toml", kill_on_drop: false }`
[INFO] running `Command { std: "docker" "create" "-v" "/var/lib/crater-agent-workspace/builds/worker-7-tc2/target:/opt/rustwide/target:rw,Z" "-v" "/var/lib/crater-agent-workspace/builds/worker-7-tc2/source:/opt/rustwide/workdir:ro,Z" "-v" "/var/lib/crater-agent-workspace/cargo-home:/opt/rustwide/cargo-home:ro,Z" "-v" "/var/lib/crater-agent-workspace/rustup-home:/opt/rustwide/rustup-home:ro,Z" "-e" "SOURCE_DIR=/opt/rustwide/workdir" "-e" "CARGO_TARGET_DIR=/opt/rustwide/target" "-e" "CARGO_HOME=/opt/rustwide/cargo-home" "-e" "RUSTUP_HOME=/opt/rustwide/rustup-home" "-w" "/opt/rustwide/workdir" "-m" "1610612736" "--user" "0:0" "--network" "none" "ghcr.io/rust-lang/crates-build-env/linux@sha256:19e73879b68f455e41552ea35293514db52ea292d993f571636dbffedb77a1ee" "/opt/rustwide/cargo-home/bin/cargo" "+e6e4f7ed1589e03bc2f6c5931c1a72e7947e8682" "metadata" "--no-deps" "--format-version=1", kill_on_drop: false }`
[INFO] [stdout] b43b195b2e29693bc32baec95c48f88a0b8f593920fb240ad24fe4d8bf1705c3
[INFO] running `Command { std: "docker" "start" "-a" "b43b195b2e29693bc32baec95c48f88a0b8f593920fb240ad24fe4d8bf1705c3", kill_on_drop: false }`
[INFO] running `Command { std: "docker" "inspect" "b43b195b2e29693bc32baec95c48f88a0b8f593920fb240ad24fe4d8bf1705c3", kill_on_drop: false }`
[INFO] running `Command { std: "docker" "rm" "-f" "b43b195b2e29693bc32baec95c48f88a0b8f593920fb240ad24fe4d8bf1705c3", kill_on_drop: false }`
[INFO] [stdout] b43b195b2e29693bc32baec95c48f88a0b8f593920fb240ad24fe4d8bf1705c3
[INFO] running `Command { std: "docker" "create" "-v" "/var/lib/crater-agent-workspace/builds/worker-7-tc2/target:/opt/rustwide/target:rw,Z" "-v" "/var/lib/crater-agent-workspace/builds/worker-7-tc2/source:/opt/rustwide/workdir:ro,Z" "-v" "/var/lib/crater-agent-workspace/cargo-home:/opt/rustwide/cargo-home:ro,Z" "-v" "/var/lib/crater-agent-workspace/rustup-home:/opt/rustwide/rustup-home:ro,Z" "-e" "SOURCE_DIR=/opt/rustwide/workdir" "-e" "CARGO_TARGET_DIR=/opt/rustwide/target" "-e" "CARGO_INCREMENTAL=0" "-e" "RUST_BACKTRACE=full" "-e" "RUSTFLAGS=--cap-lints=forbid" "-e" "RUSTDOCFLAGS=--cap-lints=forbid" "-e" "CARGO_HOME=/opt/rustwide/cargo-home" "-e" "RUSTUP_HOME=/opt/rustwide/rustup-home" "-w" "/opt/rustwide/workdir" "-m" "1610612736" "--user" "0:0" "--network" "none" "ghcr.io/rust-lang/crates-build-env/linux@sha256:19e73879b68f455e41552ea35293514db52ea292d993f571636dbffedb77a1ee" "/opt/rustwide/cargo-home/bin/cargo" "+e6e4f7ed1589e03bc2f6c5931c1a72e7947e8682" "check" "--frozen" "--all" "--all-targets" "--message-format=json", kill_on_drop: false }`
[INFO] [stdout] 670903b0c6498693d7bd9dfdc53419abcdb74692c2c0a99a05aaa1e82b2d7d8f
[INFO] running `Command { std: "docker" "start" "-a" "670903b0c6498693d7bd9dfdc53419abcdb74692c2c0a99a05aaa1e82b2d7d8f", kill_on_drop: false }`
[INFO] [stderr]    Compiling proc-macro2 v1.0.40
[INFO] [stderr]    Compiling quote v1.0.20
[INFO] [stderr]    Compiling unicode-ident v1.0.1
[INFO] [stderr]    Compiling syn v1.0.98
[INFO] [stderr]    Compiling libc v0.2.126
[INFO] [stderr]    Compiling serde_derive v1.0.137
[INFO] [stderr]    Compiling memchr v2.5.0
[INFO] [stderr]    Compiling serde v1.0.137
[INFO] [stderr]    Compiling log v0.4.17
[INFO] [stderr]    Compiling version_check v0.9.4
[INFO] [stderr]     Checking unicode-width v0.1.9
[INFO] [stderr]    Compiling heck v0.4.0
[INFO] [stderr]    Compiling typenum v1.15.0
[INFO] [stderr]    Compiling num-traits v0.2.15
[INFO] [stderr]    Compiling indexmap v1.9.1
[INFO] [stderr]    Compiling lock_api v0.4.7
[INFO] [stderr]    Compiling clang-sys v1.3.3
[INFO] [stderr]    Compiling num-integer v0.1.45
[INFO] [stderr]    Compiling semver v1.0.11
[INFO] [stderr]     Checking once_cell v1.12.0
[INFO] [stderr]     Checking termcolor v1.1.3
[INFO] [stderr]    Compiling regex-syntax v0.6.26
[INFO] [stderr]    Compiling os_str_bytes v6.1.0
[INFO] [stderr]    Compiling proc-macro-error-attr v1.0.4
[INFO] [stderr]    Compiling proc-macro-error v1.0.4
[INFO] [stderr]    Compiling minimal-lexical v0.2.1
[INFO] [stderr]    Compiling hashbrown v0.12.1
[INFO] [stderr]    Compiling clap_lex v0.2.4
[INFO] [stderr]    Compiling libloading v0.7.3
[INFO] [stderr]     Checking aho-corasick v0.7.18
[INFO] [stderr]    Compiling num-bigint v0.3.3
[INFO] [stderr]    Compiling nom v7.1.1
[INFO] [stderr]    Compiling atty v0.2.14
[INFO] [stderr]    Compiling bitflags v1.3.2
[INFO] [stderr]     Checking byteorder v1.4.3
[INFO] [stderr]    Compiling strsim v0.10.0
[INFO] [stderr]    Compiling textwrap v0.15.0
[INFO] [stderr]     Checking regex-automata v0.1.10
[INFO] [stderr]    Compiling humantime v2.1.0
[INFO] [stderr]    Compiling crossbeam-utils v0.8.10
[INFO] [stderr]    Compiling bindgen v0.60.1
[INFO] [stderr]    Compiling either v1.7.0
[INFO] [stderr]    Compiling which v4.2.5
[INFO] [stderr]    Compiling rustc_version v0.4.0
[INFO] [stderr]    Compiling num-rational v0.3.2
[INFO] [stderr]    Compiling peeking_take_while v0.1.2
[INFO] [stderr]    Compiling ucd-trie v0.1.3
[INFO] [stderr]    Compiling rustc-hash v1.1.0
[INFO] [stderr]    Compiling futures-core v0.3.21
[INFO] [stderr]    Compiling lazycell v1.3.0
[INFO] [stderr]    Compiling shlex v1.1.0
[INFO] [stderr]    Compiling pest v2.1.3
[INFO] [stderr]    Compiling num-iter v0.1.43
[INFO] [stderr]    Compiling maplit v1.0.2
[INFO] [stderr]     Checking hash32 v0.2.1
[INFO] [stderr]     Checking spin v0.9.3
[INFO] [stderr]    Compiling heapless v0.7.14
[INFO] [stderr]     Checking stable_deref_trait v1.2.0
[INFO] [stderr]    Compiling futures-task v0.3.21
[INFO] [stderr]     Checking cty v0.2.2
[INFO] [stderr]    Compiling serde_json v1.0.82
[INFO] [stderr]     Checking array-init v2.0.1
[INFO] [stderr]    Compiling futures-channel v0.3.21
[INFO] [stderr]     Checking cstr_core v0.2.5
[INFO] [stderr]     Checking ringbuffer v0.8.4
[INFO] [stderr]     Checking num-complex v0.3.1
[INFO] [stderr]     Checking core2 v0.4.0
[INFO] [stderr]    Compiling signal-hook v0.3.14
[INFO] [stderr]     Checking cobs v0.2.3
[INFO] [stderr]    Compiling ryu v1.0.10
[INFO] [stderr]    Compiling unicode-segmentation v1.9.0
[INFO] [stderr]    Compiling itoa v1.0.2
[INFO] [stderr]     Checking futures-sink v0.3.21
[INFO] [stderr]    Compiling parking_lot_core v0.8.5
[INFO] [stderr]    Compiling regex v1.5.6
[INFO] [stderr]    Compiling pest_meta v2.1.3
[INFO] [stderr]    Compiling futures-util v0.3.21
[INFO] [stderr]     Checking getrandom v0.2.7
[INFO] [stderr]     Checking signal-hook-registry v1.4.0
[INFO] [stderr]     Checking instant v0.1.12
[INFO] [stderr]     Checking futures-io v0.3.21
[INFO] [stderr]    Compiling heck v0.3.3
[INFO] [stderr]     Checking pin-project-lite v0.2.9
[INFO] [stderr]    Compiling cexpr v0.6.0
[INFO] [stderr]    Compiling peg-runtime v0.6.3
[INFO] [stderr]     Checking fnv v1.0.7
[INFO] [stderr]     Checking pin-utils v0.1.0
[INFO] [stderr]     Checking slab v0.4.6
[INFO] [stderr]     Checking smallvec v1.9.0
[INFO] [stderr]     Checking fixedbitset v0.2.0
[INFO] [stderr]     Checking walkdir v2.3.2
[INFO] [stderr]     Checking rand_core v0.6.3
[INFO] [stderr]     Checking itertools v0.10.3
[INFO] [stderr]     Checking petgraph v0.5.1
[INFO] [stderr]     Checking mio v0.7.14
[INFO] [stderr]     Checking terminal_size v0.1.17
[INFO] [stderr]     Checking thread_local v1.1.4
[INFO] [stderr]    Compiling priority-queue v1.2.2
[INFO] [stderr]    Compiling async-trait v0.1.56
[INFO] [stderr]    Compiling peg-macros v0.6.3
[INFO] [stderr]     Checking rusttyc v0.5.0
[INFO] [stderr]    Compiling rust_decimal v1.25.0
[INFO] [stderr]     Checking signal-hook-mio v0.2.3
[INFO] [stderr]     Checking parking_lot v0.11.2
[INFO] [stderr]     Checking textwrap v0.12.1
[INFO] [stderr]     Checking csv-core v0.1.10
[INFO] [stderr]     Checking textwrap v0.11.0
[INFO] [stderr]    Compiling env_logger v0.9.0
[INFO] [stderr]     Checking ansi_term v0.12.1
[INFO] [stderr]     Checking bit-vec v0.6.3
[INFO] [stderr]     Checking arrayvec v0.7.2
[INFO] [stderr]     Checking vec_map v0.8.2
[INFO] [stderr]     Checking strsim v0.8.0
[INFO] [stderr]     Checking itoa v0.4.8
[INFO] [stderr]     Checking ppv-lite86 v0.2.16
[INFO] [stderr]     Checking bit-set v0.5.2
[INFO] [stderr]     Checking string_template v0.2.1
[INFO] [stderr]     Checking crossterm v0.20.0
[INFO] [stderr]     Checking crossbeam-channel v0.5.5
[INFO] [stderr]     Checking clap v2.34.0
[INFO] [stderr]     Checking ordered-float v2.10.0
[INFO] [stderr]     Checking etherparse v0.9.0
[INFO] [stderr]     Checking shh v1.0.1
[INFO] [stderr]     Checking ip_network v0.3.4
[INFO] [stderr]     Checking pathdiff v0.2.1
[INFO] [stderr]     Checking rand_chacha v0.3.1
[INFO] [stderr]     Checking futures-timer v3.0.2
[INFO] [stderr]     Checking rand_pcg v0.3.1
[INFO] [stderr]     Checking rand v0.8.5
[INFO] [stderr]    Compiling pest_generator v2.1.3
[INFO] [stderr]     Checking peg v0.6.3
[INFO] [stderr]    Compiling clap_derive v3.2.7
[INFO] [stderr]    Compiling casey v0.3.3
[INFO] [stderr]    Compiling pest_derive v2.1.0
[INFO] [stderr]    Compiling futures-macro v0.3.21
[INFO] [stderr]    Compiling rtlola-macros v0.1.1
[INFO] [stderr]    Compiling thiserror-impl v1.0.31
[INFO] [stderr]    Compiling typed-builder v0.7.1
[INFO] [stderr]    Compiling async-stream-impl v0.3.3
[INFO] [stderr]    Compiling derive_arbitrary v1.1.3
[INFO] [stderr]    Compiling cute_custom_default v2.1.0
[INFO] [stderr]     Checking arbitrary v1.1.3
[INFO] [stderr]     Checking async-stream v0.3.3
[INFO] [stderr]     Checking thiserror v1.0.31
[INFO] [stderr]    Compiling clap v3.2.8
[INFO] [stderr]     Checking futures-executor v0.3.21
[INFO] [stderr]     Checking clap_complete v3.2.3
[INFO] [stderr]     Checking futures v0.3.21
[INFO] [stderr]     Checking bstr v0.2.17
[INFO] [stderr]     Checking codespan-reporting v0.11.1
[INFO] [stderr]     Checking uom v0.33.0
[INFO] [stderr]     Checking uom v0.31.1
[INFO] [stderr]     Checking num v0.3.1
[INFO] [stderr]     Checking rtlola-reporting v0.2.1
[INFO] [stderr]     Checking globset v0.4.9
[INFO] [stderr]     Checking csv v1.1.6
[INFO] [stderr]     Checking postcard v1.0.0
[INFO] [stderr]     Checking ignore v0.4.18
[INFO] [stderr]     Checking globwalk v0.8.1
[INFO] [stderr]    Compiling gherkin_rust v0.10.1
[INFO] [stderr]    Compiling xng-rs v0.1.0 (https://github.com/aeronautical-informatics/xng-rs?branch=main#af746ccd)
[INFO] [stderr]     Checking cucumber_rust v0.8.4
[INFO] [stderr] error: failed to run custom build command for `xng-rs v0.1.0 (https://github.com/aeronautical-informatics/xng-rs?branch=main#af746ccd)`
[INFO] [stderr] note: To improve backtraces for build dependencies, set the CARGO_PROFILE_DEV_BUILD_OVERRIDE_DEBUG=true environment variable to enable debug information generation.
[INFO] [stderr] 
[INFO] [stderr] Caused by:
[INFO] [stderr]   process didn't exit successfully: `/opt/rustwide/target/debug/build/xng-rs-a5d31e5180c4e914/build-script-build` (exit status: 101)
[INFO] [stderr]   --- stdout
[INFO] [stderr]   cargo:rerun-if-changed=wrapper.h
[INFO] [stderr] 
[INFO] [stderr]   --- stderr
[INFO] [stderr]   wrapper.h:2:10: fatal error: 'xArchTypeIfc.h' file not found
[INFO] [stderr]   thread 'main' panicked at 'Unable to generate bindings: ClangDiagnostic("wrapper.h:2:10: fatal error: 'xArchTypeIfc.h' file not found\n")', /opt/rustwide/cargo-home/git/checkouts/xng-rs-d97dd9e87ab53cee/af746cc/build.rs:25:10
[INFO] [stderr]   stack backtrace:
[INFO] [stderr]      0:     0x5644137c0d51 - std::backtrace_rs::backtrace::libunwind::trace::ha9d9de1bf4176bfa
[INFO] [stderr]                                  at /rustc/e6e4f7ed1589e03bc2f6c5931c1a72e7947e8682/library/std/src/../../backtrace/src/backtrace/libunwind.rs:93:5
[INFO] [stderr]      1:     0x5644137c0d51 - std::backtrace_rs::backtrace::trace_unsynchronized::h165c36ef694ada1c
[INFO] [stderr]                                  at /rustc/e6e4f7ed1589e03bc2f6c5931c1a72e7947e8682/library/std/src/../../backtrace/src/backtrace/mod.rs:66:5
[INFO] [stderr]      2:     0x5644137c0d51 - std::sys_common::backtrace::_print_fmt::h4d89c7ce1e89b43d
[INFO] [stderr]                                  at /rustc/e6e4f7ed1589e03bc2f6c5931c1a72e7947e8682/library/std/src/sys_common/backtrace.rs:65:5
[INFO] [stderr]      3:     0x5644137c0d51 - <std::sys_common::backtrace::_print::DisplayBacktrace as core::fmt::Display>::fmt::hfc68e8a2f3b7b37c
[INFO] [stderr]                                  at /rustc/e6e4f7ed1589e03bc2f6c5931c1a72e7947e8682/library/std/src/sys_common/backtrace.rs:44:22
[INFO] [stderr]      4:     0x5644137e753f - core::fmt::rt::Argument::fmt::hc7dd5538f3de21b7
[INFO] [stderr]                                  at /rustc/e6e4f7ed1589e03bc2f6c5931c1a72e7947e8682/library/core/src/fmt/rt.rs:138:9
[INFO] [stderr]      5:     0x5644137e753f - core::fmt::write::hac9705ca9b43c249
[INFO] [stderr]                                  at /rustc/e6e4f7ed1589e03bc2f6c5931c1a72e7947e8682/library/core/src/fmt/mod.rs:1094:21
[INFO] [stderr]      6:     0x5644137be3d1 - std::io::Write::write_fmt::h7bc9466b47d6774b
[INFO] [stderr]                                  at /rustc/e6e4f7ed1589e03bc2f6c5931c1a72e7947e8682/library/std/src/io/mod.rs:1713:15
[INFO] [stderr]      7:     0x5644137c0b65 - std::sys_common::backtrace::_print::h03072469d8150f3e
[INFO] [stderr]                                  at /rustc/e6e4f7ed1589e03bc2f6c5931c1a72e7947e8682/library/std/src/sys_common/backtrace.rs:47:5
[INFO] [stderr]      8:     0x5644137c0b65 - std::sys_common::backtrace::print::hd0f67791f02b87ae
[INFO] [stderr]                                  at /rustc/e6e4f7ed1589e03bc2f6c5931c1a72e7947e8682/library/std/src/sys_common/backtrace.rs:34:9
[INFO] [stderr]      9:     0x5644137c2007 - std::panicking::default_hook::{{closure}}::h7c8ccb2c703d1528
[INFO] [stderr]     10:     0x5644137c1df4 - std::panicking::default_hook::h770c31d58b53801e
[INFO] [stderr]                                  at /rustc/e6e4f7ed1589e03bc2f6c5931c1a72e7947e8682/library/std/src/panicking.rs:288:9
[INFO] [stderr]     11:     0x5644137c24bc - std::panicking::rust_panic_with_hook::hb50e58c42f5187f2
[INFO] [stderr]                                  at /rustc/e6e4f7ed1589e03bc2f6c5931c1a72e7947e8682/library/std/src/panicking.rs:705:13
[INFO] [stderr]     12:     0x5644137c23b7 - std::panicking::begin_panic_handler::{{closure}}::h4d6093b91efbd52e
[INFO] [stderr]                                  at /rustc/e6e4f7ed1589e03bc2f6c5931c1a72e7947e8682/library/std/src/panicking.rs:597:13
[INFO] [stderr]     13:     0x5644137c1186 - std::sys_common::backtrace::__rust_end_short_backtrace::h318963d1ef4510cb
[INFO] [stderr]                                  at /rustc/e6e4f7ed1589e03bc2f6c5931c1a72e7947e8682/library/std/src/sys_common/backtrace.rs:151:18
[INFO] [stderr]     14:     0x5644137c2102 - rust_begin_unwind
[INFO] [stderr]                                  at /rustc/e6e4f7ed1589e03bc2f6c5931c1a72e7947e8682/library/std/src/panicking.rs:593:5
[INFO] [stderr]     15:     0x5644133bb343 - core::panicking::panic_fmt::h6ce9f4b93775846b
[INFO] [stderr]                                  at /rustc/e6e4f7ed1589e03bc2f6c5931c1a72e7947e8682/library/core/src/panicking.rs:67:14
[INFO] [stderr]     16:     0x5644133bb8d3 - core::result::unwrap_failed::h45c53cbae19f42f6
[INFO] [stderr]                                  at /rustc/e6e4f7ed1589e03bc2f6c5931c1a72e7947e8682/library/core/src/result.rs:1651:5
[INFO] [stderr]     17:     0x5644133bbdad - core::result::Result<T,E>::expect::he46c989351defb4d
[INFO] [stderr]     18:     0x5644133bcfac - build_script_build::main::h5a5dd4ee75f198d9
[INFO] [stderr]     19:     0x5644133bbec3 - core::ops::function::FnOnce::call_once::h7a2ae932e2774bad
[INFO] [stderr]     20:     0x5644133bc056 - std::sys_common::backtrace::__rust_begin_short_backtrace::hd0721df0c7a78f43
[INFO] [stderr]     21:     0x5644133bcdb9 - std::rt::lang_start::{{closure}}::h97f7815e0a3c10ec
[INFO] [stderr]     22:     0x5644137ba315 - core::ops::function::impls::<impl core::ops::function::FnOnce<A> for &F>::call_once::hb332f02ff9fc81e2
[INFO] [stderr]                                  at /rustc/e6e4f7ed1589e03bc2f6c5931c1a72e7947e8682/library/core/src/ops/function.rs:284:13
[INFO] [stderr]     23:     0x5644137ba315 - std::panicking::try::do_call::hed879afea606d968
[INFO] [stderr]                                  at /rustc/e6e4f7ed1589e03bc2f6c5931c1a72e7947e8682/library/std/src/panicking.rs:500:40
[INFO] [stderr]     24:     0x5644137ba315 - std::panicking::try::h395a878f3e4bd2f0
[INFO] [stderr]                                  at /rustc/e6e4f7ed1589e03bc2f6c5931c1a72e7947e8682/library/std/src/panicking.rs:464:19
[INFO] [stderr]     25:     0x5644137ba315 - std::panic::catch_unwind::hb44b6ea043448d57
[INFO] [stderr]                                  at /rustc/e6e4f7ed1589e03bc2f6c5931c1a72e7947e8682/library/std/src/panic.rs:142:14
[INFO] [stderr]     26:     0x5644137ba315 - std::rt::lang_start_internal::{{closure}}::h6184ba9e5b3e5fbf
[INFO] [stderr]                                  at /rustc/e6e4f7ed1589e03bc2f6c5931c1a72e7947e8682/library/std/src/rt.rs:148:48
[INFO] [stderr]     27:     0x5644137ba315 - std::panicking::try::do_call::h8b2c97d4d3608274
[INFO] [stderr]                                  at /rustc/e6e4f7ed1589e03bc2f6c5931c1a72e7947e8682/library/std/src/panicking.rs:500:40
[INFO] [stderr]     28:     0x5644137ba315 - std::panicking::try::hfa4cc536e097f1fe
[INFO] [stderr]                                  at /rustc/e6e4f7ed1589e03bc2f6c5931c1a72e7947e8682/library/std/src/panicking.rs:464:19
[INFO] [stderr]     29:     0x5644137ba315 - std::panic::catch_unwind::ha3e2192625bb4844
[INFO] [stderr]                                  at /rustc/e6e4f7ed1589e03bc2f6c5931c1a72e7947e8682/library/std/src/panic.rs:142:14
[INFO] [stderr]     30:     0x5644137ba315 - std::rt::lang_start_internal::hbd6687884d030770
[INFO] [stderr]                                  at /rustc/e6e4f7ed1589e03bc2f6c5931c1a72e7947e8682/library/std/src/rt.rs:148:20
[INFO] [stderr]     31:     0x5644133bcd97 - std::rt::lang_start::h00335a2b457a2a18
[INFO] [stderr]     32:     0x5644133bd145 - main
[INFO] [stderr]     33:     0x7f458e302d90 - <unknown>
[INFO] [stderr]     34:     0x7f458e302e40 - __libc_start_main
[INFO] [stderr]     35:     0x5644133bbbd5 - _start
[INFO] [stderr]     36:                0x0 - <unknown>
[INFO] [stderr] warning: build failed, waiting for other jobs to finish...
[INFO] running `Command { std: "docker" "inspect" "670903b0c6498693d7bd9dfdc53419abcdb74692c2c0a99a05aaa1e82b2d7d8f", kill_on_drop: false }`
[INFO] running `Command { std: "docker" "rm" "-f" "670903b0c6498693d7bd9dfdc53419abcdb74692c2c0a99a05aaa1e82b2d7d8f", kill_on_drop: false }`
[INFO] [stdout] 670903b0c6498693d7bd9dfdc53419abcdb74692c2c0a99a05aaa1e82b2d7d8f
